 80 and 200.
40
What is the greatest common factor of 799 and 17?
17
What is the greatest common divisor of 46 and 134?
2
What is the greatest common factor of 235 and 141?
47
What is the greatest common factor of 9 and 2187?
9
What is the highest common factor of 72 and 744?
24
What is the greatest common divisor of 213 and 16685?
71
What is the highest common factor of 1164 and 24?
12
Calculate the highest common divisor of 25 and 1655.
5
Calculate the greatest common factor of 1105 and 595.
85
What is the highest common divisor of 18 and 36?
18
What is the highest common factor of 18 and 10?
2
What is the highest common factor of 592 and 74?
74
What is the greatest common divisor of 558 and 2697?
93
Calculate the greatest common factor of 46 and 27163.
23
Calculate the highest common factor of 152 and 114.
38
What is the greatest common divisor of 2 and 116?
2
Calculate the greatest common divisor of 471 and 15857.
157
Calculate the highest common factor of 44 and 52.
4
Calculate the greatest common factor of 755 and 5.
5
Calculate the highest common divisor of 21 and 231.
21
Calculate the greatest common divisor of 26 and 5330.
26
What is the highest common divisor of 24 and 744?
24
What is the highest common factor of 6 and 722?
2
Calculate the highest common factor of 1026 and 57.
57
Calculate the greatest common divisor of 10585 and 146.
73
Calculate the greatest common factor of 378 and 81.
27
Calculate the highest common factor of 3175 and 25.
25
Calculate the highest common factor of 336 and 21.
21
What is the highest common factor of 1261 and 3007?
97
Calculate the highest common factor of 16 and 296.
8
What is the greatest common divisor of 114 and 26847?
57
What is the highest common divisor of 416 and 32?
32
What is the highest common divisor of 10823 and 137?
137
What is the greatest common divisor of 16 and 976?
16
What is the greatest common divisor of 2744 and 896?
56
Calculate the highest common divisor of 87 and 1073.
29
What is the highest common factor of 55 and 11?
11
Calculate the highest common divisor of 530 and 790.
10
Calculate the greatest common factor of 611 and 376.
47
Calculate the highest common divisor of 22460 and 60.
20
What is the highest common divisor of 62 and 806?
62
Calculate the greatest common factor of 400 and 75.
25
Calculate the highest common factor of 597 and 4378.
199
Calculate the greatest common divisor of 27 and 5499.
9
Calculate the greatest common factor of 53 and 2173.
53
What is the greatest common factor of 46 and 621?
23
What is the highest common factor of 18 and 25902?
18
Calculate the highest common factor of 456 and 589.
19
What is the highest common divisor of 880 and 180?
20
What is the highest common factor of 8 and 3?
1
Calculate the highest common divisor of 333 and 153.
9
Calculate the highest common divisor of 2064 and 12.
12
What is the greatest common divisor of 2546 and 134?
134
Calculate the highest common factor of 56 and 114.
2
Calculate the highest common factor of 981 and 109.
109
Calculate the highest common factor of 36 and 2748.
12
Calculate the greatest common divisor of 135 and 240.
15
What is the highest common factor of 33 and 253?
11
Calculate the highest common factor of 17 and 221.
17
Calculate the greatest common divisor of 315 and 126.
63
What is the greatest common factor of 28 and 175?
7
What is the greatest common divisor of 380 and 304?
76
What is the greatest common divisor of 725 and 8845?
145
What is the highest common divisor of 134 and 1273?
67
What is the greatest common factor of 72 and 5376?
24
Calculate the greatest common divisor of 148 and 5254.
74
What is the greatest common divisor of 2 and 134?
2
Calculate the greatest common factor of 32 and 580.
4
Calculate the highest common divisor of 161 and 4991.
161
What is the greatest common factor of 450 and 350?
50
Calculate the greatest common divisor of 6 and 96.
6
Calculate the greatest common divisor of 96 and 2464.
32
What is the greatest common factor of 20 and 100?
20
Calculate the greatest common divisor of 545 and 15.
5
What is the greatest common factor of 44 and 9812?
44
What is the greatest common divisor of 242 and 3025?
121
Calculate the greatest common divisor of 2024 and 1276.
44
What is the greatest common factor of 2472 and 2?
2
What is the greatest common divisor of 187 and 9163?
187
Calculate the highest common divisor of 4288 and 448.
64
Calculate the greatest common divisor of 168 and 12.
12
What is the greatest common factor of 96 and 320?
32
Calculate the highest common factor of 4 and 52.
4
Calculate the greatest common factor of 1855 and 1505.
35
What is the highest common factor of 70 and 90?
10
What is the greatest common factor of 10 and 18010?
10
What is the greatest common factor of 720 and 27?
9
What is the greatest common divisor of 121 and 22?
11
Calculate the highest common factor of 2046 and 62.
62
What is the highest common factor of 1566 and 486?
54
Calculate the greatest common factor of 23 and 3611.
23
Calculate the highest common factor of 375 and 15.
15
Calculate the greatest common divisor of 1143 and 254.
127
What is the greatest common divisor of 126 and 18?
18
What is the greatest common factor of 376 and 16?
8
Calculate the highest common divisor of 245 and 49.
49
Calculate the highest common divisor of 5115 and 30.
15
What is the highest common factor of 19090 and 230?
230
What is the greatest common factor of 860 and 2279?
43
Calculate the highest common factor of 675 and 1593.
27
Calculate the greatest common divisor of 235 and 17.
1
Calculate the greatest common divisor of 72 and 2628.
36
What is the highest common divisor of 33 and 108?
3
What is the highest common divisor of 16 and 1736?
8
Calculate the highest common divisor of 32 and 832.
32
What is the greatest common factor of 7 and 7?
7
Calculate the greatest common factor of 3597 and 55.
11
What is the highest common factor of 4634 and 14?
14
What is the greatest common divisor of 855 and 665?
95
What is the greatest common divisor of 1992 and 415?
83
Calculate the greatest common factor of 2698 and 304.
38
What is the greatest common divisor of 2651 and 11?
11
Calculate the greatest common factor of 16614 and 156.
78
Calculate the highest common divisor of 3 and 234.
3
What is the greatest common divisor of 525 and 21?
21
What is the greatest common divisor of 40 and 8?
8
What is the greatest common divisor of 477 and 27?
9
Calculate the highest common factor of 611 and 47.
47
What is the greatest common factor of 15228 and 2592?
324
What is the highest common factor of 312 and 13?
13
What is the greatest common factor of 64 and 736?
32
Calculate the greatest common factor of 7 and 10.
1
What is the greatest common factor of 1075 and 301?
43
What is the highest common factor of 314 and 1413?
157
Calculate the greatest common factor of 161 and 560.
7
What is the greatest common divisor of 112 and 4112?
16
Calculate the highest common divisor of 1 and 19.
1
Calculate the greatest common divisor of 65 and 26.
13
What is the greatest common divisor of 240 and 272?
16
What is the highest common divisor of 625 and 280?
5
Calculate the greatest common divisor of 15715 and 105.
35
Calculate the highest common divisor of 84206 and 142.
142
What is the greatest common divisor of 15 and 60?
15
What is the highest common divisor of 432 and 16?
16
What is the greatest common factor of 205 and 635?
5
What is the greatest common factor of 1200 and 225?
75
What is the greatest common factor of 12 and 100?
4
What is the greatest common factor of 2 and 274?
2
Calculate the highest common factor of 6 and 978.
6
Calculate the highest common factor of 39 and 91.
13
What is the highest common factor of 17 and 952?
17
What is the highest common divisor of 4394 and 507?
169
What is the highest common factor of 95 and 475?
95
Calculate the greatest common factor of 973 and 417.
139
What is the greatest common factor of 923 and 13?
13
Calculate the highest common divisor of 3 and 13.
1
Calculate the greatest common divisor of 416 and 8.
8
What is the greatest common divisor of 50 and 70?
10
What is the greatest common factor of 248 and 56?
8
Calculate the greatest common divisor of 357 and 663.
51
Calcul